11*v - 5 = -49. Let z(n) = -n**2 + 4*n + 3*n**2 + 4*n**2 + 6 - 5*n**2. Calculate z(v).
6
Let s(i) be the third derivative of i**2 + 0 + 1/6*i**3 + 0*i + 5/24*i**4. Determine s(-2).
-9
Let w(z) = -21*z + 24*z + 8 - 7*z. Calculate w(10).
-32
Let l(z) = 3*z. Let b be l(2). Let u(y) be the third derivative of y**5/60 - y**4/6 - y**3 - 8789*y**2. What is u(b)?
6
Let t(f) = f**2 - 11*f - 5. Let g(z) = -11*z - 133. Let y be g(-13). What is t(y)?
-15
Let o(l) = -l**2 - 7*l - 7. Let h be o(-5). Let s(p) = 0*p**3 + p + p**2 + p**3 + p**3 - h*p**3 - 1. Suppose -a = -m + 5 - 6, -5*m + 1 = -3*a. Determine s(m).
-3
Let b be -76*(-7)/112 - 2/(-8). Suppose 4*x = b*g - g, 5*g = -4*x + 27. Let o(t) = 2*t**2 - 2*t - 3. Give o(g).
9
Let c(b) = 2*b + 7. Let r be c(-7). Let p(v) = 7*v - 5*v - 5*v - 764 + 754. Give p(r).
11
Let p = -16 - -12. Let q(o) be the second derivative of 1/3*o**3 + 0 - 7*o + 5/2*o**2. Determine q(p).
-3
Let h(l) = -8*l**2 + 2*l + 3. Let k(w) = -56*w - 450. Let o be k(-8). Determine h(o).
-33
Let x(c) = c**3 + 48*c**2 + 45*c - 97. Let p be x(-47). Let m(q) = -q**3 - 3*q**2 - 4. Determine m(p).
-4
Let n(a) be the third derivative of -a**6/360 + a**5/12 - 3*a**4/8 - a**3/2 + 4*a**2. Let m(h) be the first derivative of n(h). What is m(6)?
15
Let o be 4 + (-4 - 1) - -4. Suppose 0 = o*b - 68 - 40. Let s = b + -37. Let i(f) = 2*f**3 - 2*f**2 - 2*f - 1. Give i(s).
-3
Let j(c) = 3*c - 3. Let w be j(2). Suppose 4*m = -4, 8*h - 3*m - 3 = w*h. Let l(v) = v**2 - 4*v. Let p(g) = -g + 1. Let i(u) = -l(u) + 5*p(u). Give i(h).
5
Let q(i) = -i**2 + 15*i - 41. Let z be q(9). Let h(d) = d**3 - 12*d**2 - 10*d - 13. Determine h(z).
26
Let d(x) = -2*x - 8. Suppose 20 = -5*r - 5*w, 3*r - 36*w = -38*w - 16. What is d(r)?
8
Let q be (2/3)/(4/(-6)). Let k(d) = 4*d - 1. What is k(q)?
-5
Let g be (-1 + 2/4)*0. Let z(b) be the second derivative of -b**7/2520 + b**5/30 + b**4/2 - 18*b. Let u(h) be the third derivative of z(h). What is u(g)?
4
Let b(z) = -7*z + z**2 + 3*z - 4*z + 4. Let c(y) = -y**3 - 21*y**2 + y + 27. Let h be c(-21). What is b(h)?
-8
Let h(a) = a**2. Suppose 2*u = 5*u + 3*x - 15, -5*x + 20 = 0. Let j be 2*(u - 2/4). Let b be -3*((-2 - j) + 4). Calculate h(b).
9
Let m(w) = 5*w**2 + 22*w - 32. Let d(s) = 6*s**2 + 24*s - 31. Let h(q) = -4*d(q) + 5*m(q). What is h(-16)?
-4
Suppose -2*t + 1 + 7 = 0. Let o be -3*(t/3 + -2). Let n(g) = -g**3 + 5*g**2 - 2*g - 2. Calculate n(o).
6
Let u be -1 + -3 - (-12)/(-7 + 1). Let i(w) = -4*w - 19. What is i(u)?
5
Let l(d) = -8*d - 21. Let b(y) = -7. Let s(h) = -3*b(h) + l(h). Calculate s(-1).
8
Let y(r) be the first derivative of -r**4/4 - 8*r**3/3 + r**2/2 + 6*r - 224. Calculate y(-8).
-2
Let v(c) = c. Let u(g) = -g + 2. Let s(w) = 4*u(w) + 3*v(w). Calculate s(3).
5
Let j = 176 + -101. Let x(v) = 5 - j*v + 73*v + 0*v**2 - v**2. Let s be x(0). Let z(g) = -2*g + 3. Calculate z(s).
-7
Suppose 16 = -4*h + 4*m, -m = -2*h - 1 - 5. Let b be (-3 + 2)/(h/(-10) + 0). Let u(l) = l**3 + 5*l**2 - 3*l - 5. Determine u(b).
10
Let z(h) = -1 + 6*h**2 + 2*h**2 + 3*h**2. Suppose -7 = -11*q + 59. Suppose -5*g - 15 = 0, q*g - 10*g = -3*b + 9. Give z(b).
10
Let i(w) be the first derivative of 11*w**4/2 + w**2/2 - 258. What is i(-1)?
-23
Suppose 4*n - 6 = 2. Suppose 3*k - n*v - 16 = 4*k, -37 = 2*k + 5*v. Let f be ((-4)/(-6))/((-4)/k). Let o(b) = -3*b**3 - 2*b + 1. What is o(f)?
-4
Let f(n) = -n + 2*n**3 + 52*n**2 + 0*n + 4 - 5 + 6 - 47*n**2. Calculate f(-4).
-39
Let y(c) be the second derivative of 0 - 15*c + 1/3*c**3 + 1/12*c**4 + 1/2*c**2 + 3/10*c**5. Suppose 5*b + 5*j + 18 = 2*b, 0 = -3*b + 2*j + 3. Determine y(b).
-6
Let k(q) = -q**2 - 3*q + 3. Let f = -9 + 8. Let y be (-4)/(f + (-3 - -3)). Let g be (-154)/35 - y/(-10). What is k(g)?
-1
Let x = -49 - -40. Let v = x + 10. Let j(c) = -4*c**2 - c + 1. Calculate j(v).
-4
Let d = 872 + -876. Let y(s) = 3*s + 12. Calculate y(d).
0
Let g(i) = i**3 + 3*i**2 - 3*i - 2. Let v be 308/(-35)*(-10)/4. Suppose -4*p = -p + 5*u + v, 0 = -2*p + 5*u + 2. What is g(p)?
-6
Suppose 6*n = -37 - 35. Let o be (n/4)/(1 - 0). Let a(k) = k**3 + 3*k**2 - 3*k + 4. Determine a(o).
13
Let x(d) = -18*d - 12. Let k(v) = -22*v - 14. Let h(s) = 5*k(s) - 6*x(s). Suppose 2*n + 2 = -b - 8, 5*b - n = -17. Give h(b).
10
Let z(h) = -12*h**3 - 18*h**2 + 11*h - 29. Let w(q) = 17*q**3 + 27*q**2 - 17*q + 43. Let s(a) = -5*w(a) - 7*z(a). Determine s(-10).
8
Let z(d) be the second derivative of d**4/12 + 2*d**3/3 - 5*d**2/2 - 10*d. Suppose 0*l + 5 = -l. Determine z(l).
0
Let w(i) = -i**2 + 10. Let s(m) = 10*m**2 - m - 88. Let u(r) = s(r) + 9*w(r). Calculate u(-3).
14
Let h(b) = 17791*b + 2 + 4 - 17796*b. Determine h(4).
-14
Let g(n) be the first derivative of n**3/3 + 7*n**2/2 + 4*n + 1. Let b(f) = -3*f + 1. Let h be b(-1). Suppose h*i - 12 = 0, 3*l + 8*i - 5*i = 0. What is g(l)?
-8
Suppose -3*c = -15, -3*c = -4*x + 2*x - 1. Let l(h) = -15 + x - h - h. Give l(7).
-22
Let v(x) be the second derivative of x**5/10 - x**4/12 - x**3/3 - x**2/2 - 2*x. Let u = -19 - -17. Let f be 15/(-12) + u/(-8). Determine v(f).
-2
Let u(z) be the first derivative of -2*z**3/3 + z**2 + 2*z + 1. Suppose x - 10 = -21. Let w = x - -9. Determine u(w).
-10
Let r(h) = 24*h**2 + 21*h - 1. Let v(m) = 7*m**2 + 7*m. Let g(d) = 2*r(d) - 7*v(d). Determine g(-5).
8
Let g be (-3)/((-3 + 2)*1). Let t(f) = -1 - 3*f - 2*f**2 - 2*f**g + 3*f**3 + 1. What is t(3)?
0
Suppose 3*p + 8 = 7*p. Let g(r) = -4 - p*r**3 + 2 + 3*r**2 - r**3. Suppose b + 10 = 6*b. What is g(b)?
-14
Let l(o) = -4*o. Let b be l(5). Let g = -24 - b. Let x(p) = p**2 + 3*p + 4. Determine x(g).
8
Let v(y) be the first derivative of 1/3*y**3 - 7/2*y**2 - 2*y - 8. Suppose 0 = 5*h - 3 - 27. What is v(h)?
-8
Suppose -2*l + l = 5. Let z(v) be the second derivative of -v**3/2 - v**2 - 3*v. Give z(l).
13
Suppose -4*l + 31 = -w - 102, l + 2*w - 40 = 0. Let f(y) = 5*y**3 + y**2 + l*y - 4 - 31*y + 5 - 4*y**3. Calculate f(-3).
-26
Let m = 1300 + -1285. Let p(g) = 5*g - 75. Calculate p(m).
0
Let q(c) = 106839 + 0*c**2 + 3*c - 4*c**3 - 106840 + c**2. What is q(2)?
-23
Let x = 2 - -1. Let m(c) = -x + 5 + 1 + 3*c. Let r be 23/(-5) - (-1 + 16/40). Calculate m(r).
-9
Suppose -3*a + 2*a + 4 = 2*d, 3*a + 6 = 3*d. Let n(u) = -4*u + 5 - u**3 + d*u**3 + 4*u**2 - 11. Give n(-4).
10
Let i(k) = -k**2 - 21*k + 108. Let h be i(-25). Let g(t) = t + 0 + 1 - 4. Give g(h).
5
Let p(a) = -39*a**2 + 8*a - 4. Let j(c) = 41*c**2 - 10*c + 5. Let t(g) = -3*j(g) - 4*p(g). Calculate t(1).
32
Let c(x) = x - 3. Let r be c(5). Let i(t) be the second derivative of t**5/20 + t**3/6 + t**2/2 - 13*t + 1. Calculate i(r).
11
Let b = -1703 - -1703. Let m(h) = -2*h**2 + h - 14. Determine m(b).
-14
Suppose 3*u + 2*m + 4 + 0 = 0, 2*m + 4 = 3*u. Suppose 2*d - 1 = -5*l, u = d + 4*l - 4 + 11. Let s(j) = 1 - 6 - 6*j - d*j**2 + 12*j**2. Give s(-4).
3
Let n(s) = -s**3 - 16*s**2 + 18*s + 14. Suppose -27*o - 280 - 179 = 0. Determine n(o).
-3
Suppose m - 13 = j + 2*j, 3*m = 2*j - 3. Let l be 5/((-1)/j*6). Let b(r) = r - 4. Determine b(l).
1
Let p = -13 - -12. Let v be (-5)/10*18/p. Let k(q) = -5*q - v*q + 12*q. Calculate k(-3).
6
Let h(w) = w**3 - 8*w**2 + 7*w + 5. Let d be 4 + (-56)/(-4) + 2. Suppose -4*g = 3*a - a - d, -5*g + a = -39. Give h(g).
5
Let c(n) = 2*n**2 - 5*n + 7. Suppose 3*z - 8 = 7. Let d(p) = -3*p**2 + 7*p - 10. Let j(m) = z*d(m) + 8*c(m). Give j(5).
6
Let p be 51/(-72)*9 - (-3)/8. Let b(d) = -d**3 - 7*d**2 - 3*d + 5. Give b(p).
-13
Let x(d) = -d**3 + 2*d**2 - 2*d + 11. Let h(c) = -c**2 + 1. Let b(l) = -3*h(l) + x(l). What is b(5)?
-2
Let u(q) = -q**2 + 8*q - 1. Let l be u(9). Let g = l - -28. Suppose r - g = 4*j, 4*j - r + 14 = -2*r. Let k(n) = n**3 + 3*n**2 - 4*n - 3. Determine k(j).
-3
Let m(d) = 3*d - 15 - 12 + 20. Calculate m(-6).
-25
Let x(j) = j**3 - 2*j**2 - 2*j - 4. Let r(q) = q**3 - 3*q**2 - 7*q - 12. Let l be r(5). Give x(l).
-1
Suppose 42 = -2*g + 30. Let i(k) = k**2 + 7*k + 10. What is i(g)?
4
Let l = 6 + -4. Let h be (-27)/9*l/(-3). Let o(y) = -y - 2*y + 11*y - 2*y. Determine o(h).
12
Suppose -4*b + 116 = 3*q, 4*b - q - 116 = 3*q. Suppose -5*s - b = d, 4*d - s + 6 = s. Let t(x) = -x**3 - 5*x**2 - 4*x - 6. Give t(d).
-6
Let n(d) = d. Let m be (-2)/(-4)*0/(-2). Let y = 4 + -1. Suppose m = y*z - z. Give n(z).
0
Let j(r) = 8*r + 7 + 0*r**2 - 